*2 - 6*q + 1. Let m(g) = -g**2 + 5*g - 1. Let s(d) = -5*f(d) - 6*m(d). Let c be s(-3). Let y = c + -4. List the prime factors of y.
2, 3
Let v(i) = -i**2 + 15*i + 25. What are the prime factors of v(15)?
5
List the prime factors of -24*(-2)/(32/28).
2, 3, 7
Suppose -2*n - 65 = -v, 3*n + 0*n - 238 = -4*v. What are the prime factors of v?
61
Suppose -15 = -5*p - 0. Suppose -g + k = p*k - 64, -2*g + 2*k = -140. What are the prime factors of g/6 + (-6)/(-9)?
2, 3
Let f = -1 - 2. Let i(n) = -2*n**3 + n**2 + n. What are the prime factors of i(f)?
2, 3, 5
Suppose 0 = 5*k - 0*k - 60. Suppose -2*i - k = -3*i. What are the prime factors of i?
2, 3
Suppose 0 = -4*l + 357 + 555. What are the prime factors of l?
2, 3, 19
Let s(j) = j**2 - 9*j + 5. Let g be s(4). What are the prime factors of (-1 - 8)*10/g?
2, 3
Let n(i) be the third derivative of i**6/120 - i**5/20 + i**4/12 - i**3/3 - 7*i**2. What are the prime factors of n(3)?
2
Let f(n) = n - 4. Let k(o) = 5*o - 20. Let a(g) = 22*f(g) - 4*k(g). Suppose z - 3*l = -1, 5*z - 5*l + l - 28 = 0. What are the prime factors of a(z)?
2
Let m(h) = -h**2 - 3*h + 4. Let k be m(-4). Suppose j + 5*z - 33 = -0*j, -4*j + 3*z + 40 = k. List the prime factors of j.
13
Suppose -4*s = -b - 2 + 6, -5 = 5*b + 5*s. Suppose -z + 3 = -b*z. Suppose 0 = -z*n + 4*n - 15. List the prime factors of n.
3, 5
Let t be 2 + -1 + 24/3. Suppose 0 = -4*q + 7 + t. Suppose -q*j - 3 = -19. List the prime factors of j.
2
Let r be (-5 + 2)*(-1 - -2). Let y(m) = -3 - 5*m**2 - m**3 + m**2 - 5*m + 0*m**3. List the prime factors of y(r).
3
Let c(d) = d**2 + d**2 + d**2 - 5*d**2. Let y be c(-2). Let n = 3 - y. List the prime factors of n.
11
Suppose -c + 4*j - 40 = -5*c, 3*c - 50 = j. Suppose 2*s = -q - s + 9, -3*s = -q + c. Suppose -2 = 5*p - q, -l + 19 = 3*p. What are the prime factors of l?
13
What are the prime factors of ((-904)/(-14) - (-3)/7) + 1?
2, 3, 11
Let w(s) = -s**2 + 18*s - 3. What are the prime factors of w(14)?
53
Let y(k) = k**3 + 9*k**2 + 6*k + 10. List the prime factors of y(-7).
2, 3, 11
Let y = 17 + -5. List the prime factors of y.
2, 3
Suppose 5*g = -4*k - 5 - 1, -4*g = k - 4. Suppose g*v + v = 12. Suppose 7 = -v*s + 31. List the prime factors of s.
2, 3
Suppose 4*u - 311 = 357. What are the prime factors of u?
167
Suppose -5*y + 2*r - 6*r + 480 = 0, 0 = 2*y + 2*r - 190. Suppose -6*o = -2*o - y. List the prime factors of o.
5
Let u(r) = -r + r**3 - 5 + 0*r + 9*r**2 - 4. Let w be u(-9). Suppose -5*d + 39 = a + 3*a, 2*d - a - 13 = w. List the prime factors of d.
7
Let y be ((-4)/(-10))/((-2)/(-40)). Suppose 0*l - 2*l = y. Let x = -2 - l. List the prime factors of x.
2
Let y = 3 - 11. Let z = -5 - y. Suppose 0 = i - 4*m - 6, -18 = -z*i - m - m. List the prime factors of i.
2, 3
Suppose 21*o + 428 = 25*o. List the prime factors of o.
107
What are the prime factors of 4/((-6)/(-87) - 0)?
2, 29
Let b = 23 + -10. Let z be 3/(-4) - (-11)/4. Let a = b + z. What are the prime factors of a?
3, 5
What are the prime factors of 6*(3 + (-10)/(-6))?
2, 7
Let b = 143 + -46. List the prime factors of b.
97
Let w(f) = -f**3 - 16*f**2 - 19*f. Let y be w(-15). Suppose -9 = -3*n + y. What are the prime factors of n?
23
Let g(d) = 2*d**2 + 6. What are the prime factors of g(8)?
2, 67
Suppose q = -4*q - 25. List the prime factors of (q - -1)*(-1)/2.
2
Let o(g) = g**3 + 7*g**2 + 3. Let q be o(-7). Let z be q/(-2)*24/(-9). Suppose 4*k - 23 = -5*m, k + k - 16 = -z*m. List the prime factors of m.
3
Suppose 0 = -3*o + 2*c + 105, -3*o + 174 = 2*o - 3*c. Suppose -4*m + o = 1. List the prime factors of 0 + (1 + m - -2).
11
List the prime factors of (1/((-3)/(-171)))/((-12)/(-16)).
2, 19
Let v = 15 - -19. What are the prime factors of v?
2, 17
Let b be 1/(2/(71 + -3)). Suppose 3*f = -q + b, 0 = -2*q - 0*f + 2*f + 52. List the prime factors of q.
2, 7
Let p = 77 + -17. What are the prime factors of p?
2, 3, 5
Suppose 2 = 4*m - 14. Suppose -2*z + z = -5*o + 57, 0 = m*z - 12. What are the prime factors of o?
2, 3
Let m(k) = -660*k. Let g be m(-1). Let f be (6/4)/(9/g). Suppose -u = -6*u + f. List the prime factors of u.
2, 11
Suppose -211 = -4*o - 2*w - w, 4*w = -2*o + 98. Suppose -o = -l + 3*t, 5*l + 4*t = -0*t + 313. What are the prime factors of l?
61
Let f be 3*1*(-7)/(-3). Let q = -2 + 2. Let c = f + q. What are the prime factors of c?
7
Suppose 2*q = -6, -3*n + 3*q - 29 = -209. List the prime factors of n.
3, 19
Let m(t) = 6*t + 20. Let s(x) = 5*x + 19. Let r(k) = -6*m(k) + 7*s(k). Let v be r(10). List the prime factors of (-1)/(v/6) - -6.
2
Let z = -10 - -8. List the prime factors of (z + 1)/((-2)/50).
5
Let k(m) = -6*m - 6. What are the prime factors of k(-4)?
2, 3
Suppose -s = -116 - 23. List the prime factors of s.
139
Suppose z = 5*z - 20. Let m(h) = -4*h**2 - 3*h + z*h**2 + 4*h + 4*h**2. What are the prime factors of m(-1)?
2
Suppose 4*h - 12 - 38 = -2*y, 2*y - 53 = -h. List the prime factors of -33*(-3)/y*3.
11
Suppose 3*x - 2*x - 1 = 0. Let w be 2 + (0 - -1)*x. What are the prime factors of (-40)/(-12)*w/2?
5
Suppose -2*z = -2*o + 2*z + 82, -4*o = 5*z - 99. Let u = o + -22. What are the prime factors of u?
3
Suppose 3*u - 4*u = 1. Let b(t) = -7*t**3 + t**2 - t - 1. Let s be b(u). Suppose g - s = -g. What are the prime factors of g?
2
Suppose -2*t - 3*n + 178 = 0, -t - 4*n + 9 + 85 = 0. What are the prime factors of t?
2, 43
Suppose 70 = -84*p + 85*p. List the prime factors of p.
2, 5, 7
Suppose 2*w = -3*w - 5. List the prime factors of 13 + -4 + (-3)/w.
2, 3
Suppose q = 4*m + 2*q - 168, 3*q = -2*m + 84. What are the prime factors of m?
2, 3, 7
Let i be 0 - (-5 + 1 - -2). Suppose 2*g + 5*b - 85 = 0, -80 = -2*g - g + i*b. List the prime factors of g/35*1*7.
2, 3
Suppose 2*n + 6 = -3*y, -3*n + 4*y = 10 - 35. Suppose -2 = -5*f - n*c + 3, 0 = 4*c - 20. What are the prime factors of (f - (-28)/6)*6?
2
Let d be -3 + -3 + 1 + 8. Suppose 0 = -t - d*t + 32. What are the prime factors of t?
2
Suppose -13 = -v + 8. List the prime factors of v.
3, 7
Let l = -9 - -22. What are the prime factors of l?
13
Suppose -2*c - 18 = -4*c. Suppose c*r = 4*r. Suppose -6*b + 4*b + 18 = r. List the prime factors of b.
3
Suppose 2*z - 15 = -3*u + 8, -17 = -3*u - 5*z. Let m = 0 + 2. Suppose -x + u = m*x. What are the prime factors of x?
3
Let a = -34 + 26. Let z(t) = -t**3 + 3*t**2 - 3*t - 3. Let y be z(3). Let m = a - y. List the prime factors of m.
2
Suppose -3*r + 16 = -4*q - 0*r, -4*q - r = 0. Let h = 1 - q. What are the prime factors of h + 14/2 + 1?
2, 5
Let k(u) = -u**3 - 6*u**2 + u - 4. What are the prime factors of k(-7)?
2, 19
Suppose -r = -u - 46, u = -2*u - 12. Let f = -11 + r. Suppose -3*m - 12 = 0, -4*s + 37 = -5*m - f. What are the prime factors of s?
2, 3
Suppose -q - 60 = -4*q. Let x = q + -7. Suppose -47 - x = -5*y. List the prime factors of y.
2, 3
Let f be 4/(-16) + 162/8. Suppose 2*x = -3*o + 45, 0 = x - 2*o + 6*o - f. What are the prime factors of x?
2, 3
Let l(v) = 2*v + 0 - 4 - v. What are the prime factors of l(9)?
5
Let b = 4 + 3. What are the prime factors of 984/42 - (-4)/b?
2, 3
What are the prime factors of (-91 + 1 + 6)*1*-1?
2, 3, 7
Let n = -94 + 175. What are the prime factors of n?
3
Suppose 5*q = 733 - 133. What are the prime factors of q?
2, 3, 5
Suppose -3*x = -6*x. Suppose 3 = w + 3*k, x = w + 5*k + 6 + 1. What are the prime factors of w?
2, 3
Let j(v) = -3*v**3 - 2*v**2 - 3*v - 3. Suppose -2*o - 2*i = 4, 4*i = 2*o + i - 1. Let n(x) = -3*x**2 - x. Let k be n(o). What are the prime factors of j(k)?
19
Suppose -3*i - 2*i = 4*p - 87, 2*p + 2*i - 46 = 0. List the prime factors of p.
2, 7
Let i = -8 - -19. Suppose 4*f - i - 21 = 0. What are the prime factors of f?
2
Let x = 21 - 45. Let f(i) = -30*i**2 - 4*i - 2. Let z be f(-2). What are the prime factors of ((-16)/x)/((-4)/z)?
19
Let u(d) = -d**3 + 6*d**2 - d - 4. Let x(t) = t**2 - 6*t - 2. Let z be x(7). What are the prime factors of u(z)?
2
Suppose 2*o = 5*t - 2*t - 50, 38 = 3*t + o. List the prime factors of t.
2, 7
Let k(h) = 2 + 0*h**3 + 7*h**2 - 2*h + h**3 - 5. What are the prime factors of k(-7)?
11
Let t = -1 + -5. Let v = t - -10. Suppose -v*i - 1 = -9. What are the prime factors of i?
2
Let l = -3 + 3. Let z = l - -6. List the prime factors of (-3)/9 - (-68)/z.
11
Suppose 0 = -2*f